 is the hundreds digit of 47592?
5
What is the tens digit of 3477?
7
What is the thousands digit of 1383?
1
What is the units digit of 2360?
0
What is the units digit of 3751?
1
What is the tens digit of 3903?
0
What is the thousands digit of 57442?
7
What is the units digit of 1120?
0
What is the hundreds digit of 19546?
5
What is the hundreds digit of 51573?
5
What is the units digit of 1590?
0
What is the thousands digit of 6749?
6
What is the units digit of 55644?
4
What is the units digit of 1308?
8
What is the tens digit of 19219?
1
What is the units digit of 5075?
5
What is the thousands digit of 1620?
1
What is the units digit of 50?
0
What is the hundreds digit of 1081?
0
What is the ten thousands digit of 22246?
2
What is the hundreds digit of 13386?
3
What is the tens digit of 2861?
6
What is the thousands digit of 161432?
1
What is the tens digit of 1169?
6
What is the ten thousands digit of 135093?
3
What is the units digit of 871?
1
What is the units digit of 2086?
6
What is the thousands digit of 14116?
4
What is the tens digit of 45017?
1
What is the hundreds digit of 21627?
6
What is the ten thousands digit of 25737?
2
What is the hundreds digit of 30566?
5
What is the tens digit of 397?
9
What is the hundreds digit of 1192?
1
What is the hundreds digit of 18382?
3
What is the units digit of 18580?
0
What is the hundreds digit of 3365?
3
What is the hundreds digit of 801?
8
What is the tens digit of 319?
1
What is the units digit of 5260?
0
What is the thousands digit of 1245?
1
What is the tens digit of 580?
8
What is the hundreds digit of 36880?
8
What is the units digit of 1002?
2
What is the units digit of 12800?
0
What is the tens digit of 3800?
0
What is the tens digit of 21744?
4
What is the ten thousands digit of 42802?
4
What is the hundreds digit of 1219?
2
What is the hundreds digit of 8176?
1
What is the thousands digit of 52641?
2
What is the thousands digit of 1768?
1
What is the hundreds digit of 19331?
3
What is the hundreds digit of 6485?
4
What is the thousands digit of 1855?
1
What is the thousands digit of 10421?
0
What is the hundreds digit of 582?
5
What is the tens digit of 50802?
0
What is the thousands digit of 8265?
8
What is the tens digit of 1347?
4
What is the tens digit of 788?
8
What is the units digit of 1063?
3
What is the thousands digit of 2206?
2
What is the tens digit of 4060?
6
What is the thousands digit of 1060?
1
What is the thousands digit of 8971?
8
What is the units digit of 5509?
9
What is the units digit of 5422?
2
What is the tens digit of 1038?
3
What is the tens digit of 4178?
7
What is the ten thousands digit of 50305?
5
What is the thousands digit of 10847?
0
What is the tens digit of 1245?
4
What is the thousands digit of 1806?
1
What is the units digit of 1558?
8
What is the ten thousands digit of 26360?
2
What is the thousands digit of 1053?
1
What is the tens digit of 17017?
1
What is the tens digit of 1352?
5
What is the tens digit of 35176?
7
What is the tens digit of 1019?
1
What is the thousands digit of 19350?
9
What is the hundreds digit of 1510?
5
What is the tens digit of 934?
3
What is the units digit of 70934?
4
What is the tens digit of 3918?
1
What is the units digit of 80036?
6
What is the thousands digit of 3279?
3
What is the ten thousands digit of 26755?
2
What is the hundreds digit of 7463?
4
What is the thousands digit of 14070?
4
What is the tens digit of 24266?
6
What is the units digit of 341?
1
What is the thousands digit of 30621?
0
What is the units digit of 1518?
8
What is the tens digit of 2646?
4
What is the units digit of 4746?
6
What is the units digit of 31935?
5
What is the units digit of 6315?
5
What is the tens digit of 75?
7
What is the ten thousands digit of 25899?
2
What is the tens digit of 1525?
2
What is the hundreds digit of 209?
2
What is the thousands digit of 4733?
4
What is the units digit of 53817?
7
What is the thousands digit of 11872?
1
What is the ten thousands digit of 109018?
0
What is the tens digit of 40?
4
What is the tens digit of 7758?
5
What is the tens digit of 9983?
8
What is the hundreds digit of 740?
7
What is the hundreds digit of 23497?
4
What is the thousands digit of 2002?
2
What is the hundreds digit of 38043?
0
What is the thousands digit of 107496?
7
What is the thousands digit of 1901?
1
What is the tens digit of 69906?
0
What is the thousands digit of 2275?
2
What is the tens digit of 49993?
9
What is the thousands digit of 91758?
1
What is the hundreds digit of 688?
6
What is the ten thousands digit of 20338?
2
What is the units digit of 2076?
6
What is the hundreds digit of 21284?
2
What is the hundreds digit of 735?
7
What is the tens digit of 40491?
9
What is the thousands digit of 3744?
3
What is the tens digit of 2030?
3
What is the tens digit of 5848?
4
What is the hundreds digit of 300?
3
What is the hundreds digit of 4731?
7
What is the tens digit of 23950?
5
What is the thousands digit of 2227?
2
What is the tens digit of 665?
6
What is the tens digit of 187?
8
What is the tens digit of 50897?
9
What is the units digit of 1295?
5
What is the hundreds digit of 583?
5
What is the hundreds digit of 175793?
7
What is the ten thousands digit of 15083?
1
What is the units digit of 2274?
4
What is the tens digit of 514?
1
What is the thousands digit of 14390?
4
What is the units digit of 140?
0
What is the hundreds digit of 157057?
0
What is the tens digit of 1335?
3
What is the units digit of 29018?
8
What is the thousands digit of 1029?
1
What is the ten thousands digit of 129959?
2
What is the hundreds digit of 12392?
3
What is the hundreds digit of 3109?
1
What is the ten thousands digit of 130185?
3
What is the units digit of 44248?
8
What is the hundreds digit of 4952?
9
What is the hundreds digit of 9928?
9
What is the units digit of 3243?
3
What is the thousands digit of 22606?
2
What is the tens digit of 4929?
2
What is the tens digit of 1666?
6
What is the hundreds digit of 679?
6
What is the thousands digit of 6769?
6
What is the units digit of 3157?
7
What is the thousands digit of 8092?
8
What is the hundreds digit of 6003?
0
What is the units digit of 64897?
7
What is the units digit of 2024?
4
What is the hundreds digit of 6719?
7
What is the hundreds digit of 82778?
7
What is the units digit of 7980?
0
What is the tens digit of 1635?
3
What is the units digit of 579?
9
What is the hundreds digit of 5397?
3
What is the units digit of 9240?
0
What is the tens digit of 79055?
5
What is the tens digit of 1686?
8
What is the hundreds digit of 20769?
7
What is the ten thousands digit of 58927?
5
What is the units digit of 25074?
4
What is the tens digit of 5025?
2
What is the hundreds digit of 1719?
7
What is the thousands digit of 33341?
3
What is the tens digit of 3221?
2
What is the units digit of 25352?
2
What is the units digit of 1844?
4
What is the thousands digit of 4626?
4
What is the thousands digit of 1205?
1
What is the tens digit of 570?
7
What is the hundreds digit of 671?
6
What is the hundreds digit of 2025?
0
What is the units digit of 2157?
7
What is the tens digit of 9285?
8
What is the tens digit of 66134?
3
What is the units digit of 18405?
5
What is the hundreds digit of 1159?
1
What is the hundreds digit of 1047?
0
What is the units digit of 296?
6
What is the tens digit of 760?
6
What is the tens digit of 5228?
2
What is the units digit of 45959?
9
What is the ten thousands digit of 51981?
5
What is the tens digit of 76443?
4
What is the hundreds digit of 16233?
2
What is the hundreds digit of 13679?
6
What is the tens digit of 7113?
1
What is the thousands digit of 5489?
5
What is the hundred thousands digit of 157709?
1
What is the thousands digit of 8616?
8
What is the units digit of 80?
0
What is the thousands digit of 4370?
4
What is the units digit of 1325?
5
What is the thousands digit of 2485?
2
What is the units digit of 1506?
6
What is the units digit of 452?
2
What is the units digit of 99272?
2
What is the ten thousands digit of 41017?
4
What is the units digit of 689?
9
What is the hundreds digit of 92585?
5
What is the units digit of 4271?
1
What is the units digit of 7432?
2
What is the ten thousands digit of 49768?
4
What is the thousands digit of